(3 + -1)/(1/2). Let y be -2 + 0 - (a - -5). Let k = 23 + y. What are the prime factors of k?
2, 3
Suppose 62 = 12*k - 13*k. Let h = k + 74. What are the prime factors of h?
2, 3
Let y(l) = -2*l**3 - 26*l**2 + 16*l + 27. What are the prime factors of y(-19)?
5, 811
Let z(u) = 15 + 14*u**3 + 14*u**3 - 8*u - 29*u**3 - 7*u**2. List the prime factors of z(-9).
3, 83
Let b(v) = v**3 + 7*v**2 + 4*v + 8. Let u be b(-5). Suppose -3*l + u = -46. List the prime factors of l.
2, 7
Let a = -837 - -1473. What are the prime factors of a?
2, 3, 53
Suppose 16*i = -2114 + 12802. List the prime factors of i.
2, 167
Let d = 1045 + -1080. Suppose 280 = 5*h - 75. Let q = h + d. List the prime factors of q.
2, 3
Suppose -s + v = -251, -2*s + 175 = -3*v - 328. List the prime factors of s.
2, 5
Let z(d) be the first derivative of -50*d**2 - 20*d - 44. List the prime factors of z(-3).
2, 5, 7
Let c be ((-2)/(-3) + 0)*24. Let w be (1 - 4)/((-6)/c). Suppose -2*k = 4*h - 26, 4*k = 3*h - w*h + 61. What are the prime factors of k?
19
Let g = 684 + -89. List the prime factors of g.
5, 7, 17
Let u = 216 - 206. What are the prime factors of u?
2, 5
Let n = -1634 + 5698. Let v be 2/9 - n/144. List the prime factors of (-1421)/v - 2/(-8).
3, 17
Let f(b) = -b**2 - 29*b + 44. What are the prime factors of f(-13)?
2, 3, 7
Let m be (-312)/(-5 - -1) + 2. Let k = m - 46. Suppose -4*i + 220 = 4*y, 5*i + 55 = 2*y - k. List the prime factors of y.
2, 13
Let l = -471 + 611. What are the prime factors of l?
2, 5, 7
Let d(h) = h**3 - 13*h**2 + 12*h - 7. Let j be d(12). List the prime factors of 60 - (j + 5 + -1).
3, 7
Let u(s) = 5*s - 76. Let k be u(16). Suppose -2*x + 299 = -7*c + 6*c, k = -4*c. List the prime factors of x.
149
Let c(x) be the second derivative of 8*x**3/3 - 4*x**2 - 4*x. List the prime factors of c(5).
2, 3
Let c be ((-1)/2)/((-1)/362). Suppose 0 = 4*k + 16, 5*k = 5*w - 0*k - 130. Suppose -c = -7*g + w. List the prime factors of g.
29
Suppose 552 = -6*n - 6*n. Let h = -44 - n. What are the prime factors of h?
2
Suppose -4*t + 64 = -3*t. Suppose -n = -d + 4*d - 40, -5*d = -n - t. Let z = d - 4. List the prime factors of z.
3
Let l(j) = 5*j**3 - 6*j**3 + 3*j**3 - j**3 + 25*j + 26 - 13*j**2. What are the prime factors of l(11)?
59
List the prime factors of (-2717)/(-44)*(-520)/(-10).
13, 19
Suppose 0 = -2*u + 20 + 26. List the prime factors of u.
23
Suppose 0 = 5*a + v - 1387, -2*a + 2*v + 386 = -164. List the prime factors of a.
277
Let b(n) = -2 + 0*n**2 + n**2 + 4*n + 8*n. What are the prime factors of b(7)?
131
Suppose -9*r = 4*r - 5369. What are the prime factors of r?
7, 59
What are the prime factors of ((-196)/(-147))/(36105/(-36117) + 1)?
4013
What are the prime factors of 21543/30 - (-3)/(-30)?
2, 359
Suppose -6*b + 9*b = 9. Suppose -8*o + 120 = -b*o. What are the prime factors of (-78)/o*(-3 + -17)?
5, 13
Suppose -5249 = -4*k - 3*u, -2*k - 4*u + 3654 = 1042. List the prime factors of k.
2, 7, 47
Let v be 7/35 - (-588)/10. Suppose 0 = z - i - v, 2*z + 4*i - 131 = -43. List the prime factors of z.
2, 3
Let z(v) = 5*v - 16. Let o be z(-3). Let f = -26 - o. List the prime factors of f.
5
Let t(b) = 13*b**2 - 2*b + 2. Let m(g) = 2*g - 1. Let s be m(-1). List the prime factors of t(s).
5
Suppose -2*j + 4*w = -2962, -3*j + 3*w + w = -4449. List the prime factors of j.
1487
Let u be (-3 - 51/(-15))*-80. Let w = u - -110. Suppose 0 = 7*x - 4*x - w. What are the prime factors of x?
2, 13
Let p(i) = -18*i - 5. Let o be p(-7). Suppose 3*h + 4*a - 102 - 256 = 0, -h + o = a. Suppose 5*x + 20 = 0, 5*m - 33 = x + h. What are the prime factors of m?
31
Let x = -365 - -3005. What are the prime factors of x?
2, 3, 5, 11
Let m(n) = 3*n**2 + 5*n + 13. Let v be m(8). Let b = v + -166. What are the prime factors of b?
79
Suppose 0 = 4*i + 7 - 19. Suppose s - 9 = -i. List the prime factors of 1*s - (-3)/(-3).
5
Let y(n) = 186*n**2 - n + 3. Let l be y(2). Suppose -5*k - 3*m + l = 0, -3*m + 569 = 4*k - 6*m. List the prime factors of k.
2, 73
Suppose -7*t - 5*f - 15 = -3*t, 5*t + 26 = f. Let d(k) = k**3 + 6*k**2 + 3*k + 6. What are the prime factors of d(t)?
2
Let w = -1857 + 2791. What are the prime factors of w?
2, 467
Let x(b) = 5*b. Let o be x(1). Suppose -2*y + 372 = 5*t, 0 = -o*t + 4*y + y + 365. List the prime factors of t.
2, 37
Suppose -250*i + 9146 = -248*i. What are the prime factors of i?
17, 269
List the prime factors of (2 - (-1328)/20)/((-2)/(-85)).
3, 17, 19
Let i(m) = 6 + 12 + 5 - m - 8. Let a be i(10). Suppose -5*v = 3*b - 31, -v - 4*v = a*b - 45. List the prime factors of b.
7
List the prime factors of 2/((-60)/(-18)) - 7614/(-10).
2, 3, 127
Let l = -22 - -12. Let n = l + 14. Suppose -61 = -n*o + 3*k, o - k - 39 = -5*k. List the prime factors of o.
19
List the prime factors of (-6)/(-3)*13/(26/4705).
5, 941
Suppose 8*r + 91 = r. Let d = r - -29. What are the prime factors of (-4)/32 + 290/d?
2, 3
Let v(z) = 2*z**2 - 9. Let i = 6 - 11. What are the prime factors of v(i)?
41
Let t(d) = 2*d + 1. Let k = 30 + -18. Let x = 13 - k. List the prime factors of t(x).
3
Suppose -4*u + 24 = -8. Let q(m) = m**3 - 7*m**2 + 8*m - 9. What are the prime factors of q(u)?
7, 17
Let m = 808 + 1120. List the prime factors of m.
2, 241
Suppose -1576 = -3*k + 1340. What are the prime factors of k?
2, 3
Suppose 0 = -5*f + 3*j + 19730, -3*j + 3946 = 17*f - 16*f. List the prime factors of f.
2, 1973
Suppose 5*a + 1233 - 3443 = 0. List the prime factors of a.
2, 13, 17
Suppose 14*z + 144 = -136. List the prime factors of z/(-16) + (-419)/(-4).
2, 53
List the prime factors of (-52656)/(-16) - (1 + (-6)/2).
37, 89
Let i(v) = 2*v**2 - 27. What are the prime factors of i(7)?
71
Let s(i) be the first derivative of i**2/2 + 5*i + 1. Let w be 3*(-1)/6*2*-8. What are the prime factors of s(w)?
13
Suppose 4*b + 1 = v + 3*b, -2*v = 5*b + 5. Let i(d) = d**2 - d + 2. Let z be i(-4). What are the prime factors of -2 + (z/2 - v)?
3
Let y = -1064 - -1289. What are the prime factors of y?
3, 5
Let n(h) = -5*h + 10. Let u(w) = 15*w - 29. Let f(l) = 11*n(l) + 4*u(l). What are the prime factors of f(6)?
2, 3
Suppose 4*r - 2*p - 1804 = 0, -3*r - p = 2*p - 1335. What are the prime factors of r?
449
Let b(y) = 41*y**2 + 6*y - 27. List the prime factors of b(3).
2, 3, 5
Let v(c) = -c**3 + 12*c**2 + 13*c + 4. Let i be v(13). Let w(q) = q**2 - 3*q - 2. List the prime factors of w(i).
2
List the prime factors of (7 - (-37482)/24) + (-3)/(-12).
3, 523
Let y(x) = 4*x**2 - 14*x - 110. List the prime factors of y(-20).
2, 3, 5, 59
Let x be (-5*4/(-70))/(2/28). List the prime factors of -15*x/(-12) - -255.
2, 5, 13
Let a = -111 + -21. Let n = 185 + a. List the prime factors of n.
53
Suppose 0 = 5*f + 9 - 269. Let v(z) = -z**3 + 13*z**2 + 19*z + 14. Let r be v(14). Let o = r - f. List the prime factors of o.
2
Let d = -9 + 12. Suppose -d*x + 72 + 18 = 0. Let r = -20 + x. What are the prime factors of r?
2, 5
Let o(u) = 140*u + 99. What are the prime factors of o(9)?
3, 151
Let i be (-2)/10 - (-658)/20*-2. Let f(z) = 27*z**3 + 1. Let h be f(-1). Let o = h - i. What are the prime factors of o?
2, 5
Suppose t = -9*t + 50. Suppose 2*d + 14 = 2*f - 12, 0 = t*f - d - 57. List the prime factors of f.
11
Suppose -2435 = -6*j + 1471. List the prime factors of j.
3, 7, 31
List the prime factors of 1 + 2276 - 1 - (-11 + 7).
2, 3, 5, 19
Let f = 671 - 4. List the prime factors of f.
23, 29
Let l(g) be the second derivative of -g**3/6 + g**2 + 8*g. Let f be l(0). Let u(t) = 3*t - 2. What are the prime factors of u(f)?
2
Let m(c) = c**3 - 5*c**2 - 32*c - 7. List the prime factors of m(9).
29
Suppose b = -2*j + 35, 5*j + 14 = b - 7. Let u = b - -10. List the prime factors of u.
41
What are the prime factors of (2/4)/(-2 + 3114/1556)?
389
Let d = 66 + -62. Suppose 3*h + 2*q - 125 = -0*h, -d*h + 176 = 5*q. What are the prime factors of h?
3, 13
Suppose -63*k = -60*k - 1791. What are the prime factors of k?
3, 199
Let n be (0 - 2) + 1 + 4. Let s be 16 + -7 + -1 + n. Suppose 3*p - s - 4 = 0. List the prime factors of p.
5
Let i(k) = k + 4. Let t be i(-4). Suppose t = -0*l - l + 52. List the prime factors of l.
2, 13
Let a = 10 - -6. Suppose -a = -t - 0*t. Suppose c - 18 = -3*p, -p - t = 4*c - 110. What are the prime factors of c?
2, 3
Suppose -l